{"id":88,"date":"2024-12-22T01:48:41","date_gmt":"2024-12-22T01:48:41","guid":{"rendered":"https:\/\/ferienwohnung-wetterauer.de\/?page_id=88"},"modified":"2025-12-03T10:21:45","modified_gmt":"2025-12-03T10:21:45","slug":"impressum","status":"publish","type":"page","link":"https:\/\/ferienwohnung-wetterauer.de\/index.php\/impressum\/","title":{"rendered":"Impressum"},"content":{"rendered":"\n<div class=\"wp-block-group alignfull has-border-color has-base-border-color has-base-2-background-color has-background is-content-justification-space-between is-nowrap is-layout-flex wp-container-core-group-is-layout-300fb881 wp-block-group-is-layout-flex\" style=\"border-style:solid;border-width:5px;min-height:0px;padding-top:var(--wp--preset--spacing--10);padding-right:var(--wp--preset--spacing--20);padding-bottom:var(--wp--preset--spacing--10);padding-left:var(--wp--preset--spacing--20)\">\n<div class=\"wp-block-group is-layout-flex wp-container-core-group-is-layout-7a92790e wp-block-group-is-layout-flex\"><div class=\"wp-block-site-logo\"><a href=\"https:\/\/ferienwohnung-wetterauer.de\/\" class=\"custom-logo-link\" rel=\"home\"><img loading=\"lazy\" decoding=\"async\" width=\"178\" height=\"102\" src=\"https:\/\/ferienwohnung-wetterauer.de\/wp-content\/uploads\/2024\/11\/FW-Logo.png\" class=\"custom-logo\" alt=\"Ferienwohnung Wetterauer\" srcset=\"https:\/\/ferienwohnung-wetterauer.de\/wp-content\/uploads\/2024\/11\/FW-Logo.png 481w, https:\/\/ferienwohnung-wetterauer.de\/wp-content\/uploads\/2024\/11\/FW-Logo-300x173.png 300w\" sizes=\"auto, (max-width: 178px) 100vw, 178px\" \/><\/a><\/div><\/div>\n\n\n\n<h2 class=\"wp-block-heading\">Ferienwohnung Wetterauer<\/h2>\n\n\n\n<div class=\"wp-block-group is-horizontal is-nowrap is-layout-flex wp-container-core-group-is-layout-edc3bc78 wp-block-group-is-layout-flex\"><nav class=\"is-responsive items-justified-right wp-block-navigation is-content-justification-right is-layout-flex wp-container-core-navigation-is-layout-f665d2b5 wp-block-navigation-is-layout-flex\" aria-label=\"Navigation\" \n\t\t data-wp-interactive=\"core\/navigation\" data-wp-context='{\"overlayOpenedBy\":{\"click\":false,\"hover\":false,\"focus\":false},\"type\":\"overlay\",\"roleAttribute\":\"\",\"ariaLabel\":\"Men\\u00fc\"}'><button aria-haspopup=\"dialog\" aria-label=\"Men\u00fc \u00f6ffnen\" class=\"wp-block-navigation__responsive-container-open\" \n\t\t\t\tdata-wp-on--click=\"actions.openMenuOnClick\"\n\t\t\t\tdata-wp-on--keydown=\"actions.handleMenuKeydown\"\n\t\t\t><svg width=\"24\" height=\"24\" xmlns=\"http:\/\/www.w3.org\/2000\/svg\" viewBox=\"0 0 24 24\" aria-hidden=\"true\" focusable=\"false\"><path d=\"M4 7.5h16v1.5H4z\"><\/path><path d=\"M4 15h16v1.5H4z\"><\/path><\/svg><\/button>\n\t\t\t\t<div class=\"wp-block-navigation__responsive-container\"  id=\"modal-1\" \n\t\t\t\tdata-wp-class--has-modal-open=\"state.isMenuOpen\"\n\t\t\t\tdata-wp-class--is-menu-open=\"state.isMenuOpen\"\n\t\t\t\tdata-wp-watch=\"callbacks.initMenu\"\n\t\t\t\tdata-wp-on--keydown=\"actions.handleMenuKeydown\"\n\t\t\t\tdata-wp-on--focusout=\"actions.handleMenuFocusout\"\n\t\t\t\ttabindex=\"-1\"\n\t\t\t>\n\t\t\t\t\t<div class=\"wp-block-navigation__responsive-close\" tabindex=\"-1\">\n\t\t\t\t\t\t<div class=\"wp-block-navigation__responsive-dialog\" \n\t\t\t\tdata-wp-bind--aria-modal=\"state.ariaModal\"\n\t\t\t\tdata-wp-bind--aria-label=\"state.ariaLabel\"\n\t\t\t\tdata-wp-bind--role=\"state.roleAttribute\"\n\t\t\t>\n\t\t\t\t\t\t\t<button aria-label=\"Men\u00fc schlie\u00dfen\" class=\"wp-block-navigation__responsive-container-close\" \n\t\t\t\tdata-wp-on--click=\"actions.closeMenuOnClick\"\n\t\t\t><svg xmlns=\"http:\/\/www.w3.org\/2000\/svg\" viewBox=\"0 0 24 24\" width=\"24\" height=\"24\" aria-hidden=\"true\" focusable=\"false\"><path d=\"m13.06 12 6.47-6.47-1.06-1.06L12 10.94 5.53 4.47 4.47 5.53 10.94 12l-6.47 6.47 1.06 1.06L12 13.06l6.47 6.47 1.06-1.06L13.06 12Z\"><\/path><\/svg><\/button>\n\t\t\t\t\t\t\t<div class=\"wp-block-navigation__responsive-container-content\" \n\t\t\t\tdata-wp-watch=\"callbacks.focusFirstElement\"\n\t\t\t id=\"modal-1-content\">\n\t\t\t\t\t\t\t\t<ul class=\"wp-block-navigation__container is-responsive items-justified-right wp-block-navigation\"><li class=\" wp-block-navigation-item wp-block-navigation-link has-medium-font-size has-heading-font-family\"><a class=\"wp-block-navigation-item__content\"  href=\"https:\/\/ferienwohnung-wetterauer.de\/index.php\/home\/\"><span class=\"wp-block-navigation-item__label\"><strong>Start<\/strong><\/span><\/a><\/li><li class=\" wp-block-navigation-item wp-block-navigation-link has-medium-font-size has-heading-font-family\"><a class=\"wp-block-navigation-item__content\"  href=\"https:\/\/ferienwohnung-wetterauer.de\/index.php\/home\/#ferienwohnung\"><span class=\"wp-block-navigation-item__label\"><strong>Ferienwohnung<\/strong><\/span><\/a><\/li><li class=\" wp-block-navigation-item wp-block-navigation-link has-medium-font-size has-heading-font-family\"><a class=\"wp-block-navigation-item__content\"  href=\"https:\/\/ferienwohnung-wetterauer.de\/index.php\/home\/#Preise\"><span class=\"wp-block-navigation-item__label\"><strong>Preise<\/strong><\/span><\/a><\/li><li class=\" wp-block-navigation-item wp-block-navigation-link has-medium-font-size has-heading-font-family\"><a class=\"wp-block-navigation-item__content\"  href=\"https:\/\/ferienwohnung-wetterauer.de\/index.php\/home\/#anfahrt\"><span class=\"wp-block-navigation-item__label\"><strong>Anfahrt<\/strong><\/span><\/a><\/li><\/ul>\n<div class=\"wp-block-buttons is-layout-flex wp-block-buttons-is-layout-flex\">\n<div class=\"wp-block-button has-custom-font-size has-heading-font-family has-medium-font-size\" style=\"font-style:normal;font-weight:700\"><a class=\"wp-block-button__link has-contrast-color has-text-color has-background has-link-color wp-element-button\" href=\"https:\/\/ferienwohnung-wetterauer.de\/index.php\/buchung-2\/\" style=\"background-color:#869acfcc\"><strong>Buchen<\/strong><\/a><\/div>\n<\/div>\n<ul class=\"wp-block-navigation__container is-responsive items-justified-right wp-block-navigation\"><li class=\"wp-block-navigation-item\">\n<ul class=\"wp-block-social-links is-layout-flex wp-block-social-links-is-layout-flex\"><li class=\"wp-social-link wp-social-link-mail  wp-block-social-link\"><a href=\"mailto:e.wetterauer@gmx.de\" class=\"wp-block-social-link-anchor\"><svg width=\"24\" height=\"24\" viewBox=\"0 0 24 24\" version=\"1.1\" xmlns=\"http:\/\/www.w3.org\/2000\/svg\" aria-hidden=\"true\" focusable=\"false\"><path d=\"M19,5H5c-1.1,0-2,.9-2,2v10c0,1.1.9,2,2,2h14c1.1,0,2-.9,2-2V7c0-1.1-.9-2-2-2zm.5,12c0,.3-.2.5-.5.5H5c-.3,0-.5-.2-.5-.5V9.8l7.5,5.6,7.5-5.6V17zm0-9.1L12,13.6,4.5,7.9V7c0-.3.2-.5.5-.5h14c.3,0,.5.2.5.5v.9z\"><\/path><\/svg><span class=\"wp-block-social-link-label screen-reader-text\">e.wetterauer@gmx.de<\/span><\/a><\/li><\/ul>\n<\/li><\/ul>\n\t\t\t\t\t\t\t<\/div>\n\t\t\t\t\t\t<\/div>\n\t\t\t\t\t<\/div>\n\t\t\t\t<\/div><\/nav><\/div>\n<\/div>\n\n\n<h2 class=\"wp-block-post-title\">Impressum<\/h2>\n\n\n<h4 class=\"wp-block-heading\"><strong>Angaben gem\u00e4\u00df \u00a75 TMG<\/strong><\/h4>\n\n\n\n<p><strong>Name der Inhabe<\/strong>r<br>Edith und Ulrich Wetterauer<\/p>\n\n\n\n<p><strong>Postanschrift<\/strong><br>Wetterauer<br>Birkenstra\u00dfe 31<br>74182 Obersulm<\/p>\n\n\n\n<p><strong>Kontaktdaten<\/strong><br>Email: <a href=\"mailto:e.wetterauer@gmx.de\" target=\"_blank\" rel=\"noreferrer noopener\">e.wetterauer@gmx.de<\/a><\/p>\n\n\n\n<h4 class=\"wp-block-heading\"><strong>Rechtliche Hinweise<\/strong><\/h4>\n\n\n\n<p><strong>Verantwortliche gem\u00e4\u00df \u00a7 18 Abs. 2 Medienstaatsvertrag<\/strong><br>Wetterauer<br>Birkenstra\u00dfe 31<br>74182 Obersulm<\/p>\n\n\n\n<p><strong>Haftung<\/strong><\/p>\n\n\n\n<p>Wir sind f\u00fcr die Inhalte unserer Internetseiten nach den Ma\u00dfgaben der allgemeinen Gesetze, insbesondere nach \u00a7 7 Abs. 1 des Telemediengesetzes, verantwortlich. Alle Inhalte werden mit der gebotenen Sorgfalt und nach bestem Wissen erstellt. Soweit wir auf unseren Internetseiten mittels Hyperlink auf Internetseiten Dritter verweisen, k\u00f6nnen wir keine Gew\u00e4hr f\u00fcr die fortw\u00e4hrende Aktualit\u00e4t, Richtigkeit und Vollst\u00e4ndigkeit der verlinkten Inhalte \u00fcbernehmen, da diese Inhalte au\u00dferhalb unseres Verantwortungsbereichs liegen und wir auf die zuk\u00fcnftige Gestaltung keinen Einfluss haben. Sollten aus Ihrer Sicht Inhalte gegen geltendes Recht versto\u00dfen oder unangemessen sein, teilen Sie uns dies bitte mit.Die rechtlichen Hinweise auf dieser Seite sowie alle Fragen und Streitigkeiten im Zusammenhang mit der Gestaltung dieser Internetseite unterliegen dem Recht der Bundesrepublik Deutschland.<\/p>\n\n\n\n<p><strong>Datenschutz<\/strong><br>Unsere Datenschutzhinweise finden Sie unter:&nbsp;<a href=\"https:\/\/ferienwohnung-wetterauer.de\/datenschutz\/\">https:\/\/ferienwohnung-wetterauer.de\/datenschutz\/<\/a><\/p>\n\n\n\n<p><strong>Urheberrechtshinweis<\/strong><br>Die auf unserer Internetseite vorhandenen Texte, Bilder, Fotos, Videos oder Grafiken unterliegen in der Regel dem Schutz des Urheberrechts. Jede unberechtigte Verwendung (insbesondere die Vervielf\u00e4ltigung, Bearbeitung oder Verbreitung) dieser urheberrechtsgesch\u00fctzten Inhalte ist daher untersagt. Wenn Sie beabsichtigen, diese Inhalte oder Teile davon zu verwenden, kontaktieren Sie uns bitte im Voraus unter den oben stehenden Angaben. Soweit wir nicht selbst Inhaber der ben\u00f6tigten urheberrechtlichen Nutzungsrechte sein sollten, bem\u00fchen wir uns, einen Kontakt zum Berechtigten zu vermitteln.<\/p>\n\n\n\n<div class=\"wp-block-group alignfull has-background-color has-base-2-background-color has-background has-global-padding is-layout-constrained wp-container-core-group-is-layout-5d2f8bdc wp-block-group-is-layout-constrained\" style=\"margin-top:0;margin-bottom:0;padding-top:var(--wp--preset--spacing--40);padding-right:var(--wp--preset--spacing--30);padding-bottom:var(--wp--preset--spacing--40);padding-left:var(--wp--preset--spacing--30)\">\n<footer class=\"wp-block-group alignwide has-base-2-background-color has-background is-content-justification-center is-nowrap is-layout-flex wp-container-core-group-is-layout-23441af8 wp-block-group-is-layout-flex\" style=\"border-style:none;border-width:0px;border-radius:0px\">\n<div class=\"wp-block-group alignwide is-layout-flow wp-block-group-is-layout-flow\" style=\"padding-top:var(--wp--preset--spacing--50);padding-bottom:var(--wp--preset--spacing--50)\">\n<hr class=\"wp-block-separator has-alpha-channel-opacity is-style-wide\"\/>\n\n\n\n<div class=\"wp-block-columns is-layout-flex wp-container-core-columns-is-layout-b53841bb wp-block-columns-is-layout-flex\" style=\"padding-top:var(--wp--preset--spacing--10)\">\n<div class=\"wp-block-column is-layout-flow wp-block-column-is-layout-flow\" style=\"flex-basis:57%\">\n<h2 class=\"wp-block-heading has-heading-font-family has-x-large-font-size\">Wir freuen uns auf Ihren Besuch. <\/h2>\n\n\n\n<div class=\"wp-block-buttons is-layout-flex wp-block-buttons-is-layout-flex\">\n<div class=\"wp-block-button\"><a class=\"wp-block-button__link has-contrast-color has-text-color has-background has-link-color has-heading-font-family has-custom-font-size wp-element-button\" href=\"https:\/\/ferienwohnung-wetterauer.de\/index.php\/buchung-2\" style=\"background-color:#869acfcc;font-size:clamp(0.875rem, 0.875rem + ((1vw - 0.2rem) * 0.708), 1.3rem);\"><strong>Buchen<\/strong><\/a><\/div>\n<\/div>\n<\/div>\n\n\n\n<div class=\"wp-block-column has-heading-font-family is-layout-flow wp-block-column-is-layout-flow\" style=\"flex-basis:70vw\">\n<div class=\"wp-block-columns is-layout-flex wp-container-core-columns-is-layout-b1e06196 wp-block-columns-is-layout-flex\" style=\"padding-top:var(--wp--preset--spacing--10)\">\n<div class=\"wp-block-column is-layout-flow wp-block-column-is-layout-flow\">\n<div class=\"wp-block-group has-heading-font-family is-vertical is-layout-flex wp-container-core-group-is-layout-ea0cb840 wp-block-group-is-layout-flex\">\n<h3 class=\"wp-block-heading has-heading-font-family has-medium-font-size\" style=\"font-style:normal;font-weight:400\">Kontakt<\/h3>\n\n\n\n<p>Email: <a href=\"mailto:e.wetterauer@gmx.de\" data-type=\"mailto\" data-id=\"mailto:e.wetterauer@gmx.de\">e.wetterauer@gmx.de<\/a><\/p>\n\n\n\n<p>Telefon:<br><a href=\"tel:07130401212\">07130 401212<\/a><\/p>\n<\/div>\n<\/div>\n\n\n\n<div class=\"wp-block-column is-layout-flow wp-block-column-is-layout-flow\">\n<div class=\"wp-block-group is-vertical is-layout-flex wp-container-core-group-is-layout-ea0cb840 wp-block-group-is-layout-flex\">\n<h3 class=\"wp-block-heading has-heading-font-family has-medium-font-size\"><br><br><a href=\"https:\/\/ferienwohnung-wetterauer.de\/index.php\/impressum\/\">Impressum<\/a><\/h3>\n\n\n\n<p><a href=\"https:\/\/ferienwohnung-wetterauer.de\/index.php\/datenschutz\/\">Datenschutz<\/a><\/p>\n<\/div>\n<\/div>\n<\/div>\n<\/div>\n<\/div>\n\n\n\n<div class=\"wp-block-group is-content-justification-space-between is-layout-flex wp-container-core-group-is-layout-e5edad21 wp-block-group-is-layout-flex\">\n<div class=\"wp-block-group is-layout-flex wp-container-core-group-is-layout-fe1ad1e6 wp-block-group-is-layout-flex\">\n<p class=\"has-small-font-size\">\u00a9<\/p>\n\n\n<p style=\"font-style:normal;font-weight:400;\" class=\"wp-block-site-title has-small-font-size\"><a href=\"https:\/\/ferienwohnung-wetterauer.de\" target=\"_self\" rel=\"home\">Ferienwohnung Wetterauer<\/a><\/p>\n\n\n<p class=\"has-small-font-size\"><\/p>\n<\/div>\n<\/div>\n<\/div>\n<\/footer>\n<\/div>\n","protected":false},"excerpt":{"rendered":"<p>Angaben gem\u00e4\u00df \u00a75 TMG Name der InhaberEdith und Ulrich Wetterauer PostanschriftWetterauerBirkenstra\u00dfe 3174182 Obersulm KontaktdatenEmail: e.wetterauer@gmx.de Rechtliche Hinweise Verantwortliche gem\u00e4\u00df \u00a7 18 Abs. 2 MedienstaatsvertragWetterauerBirkenstra\u00dfe 3174182 Obersulm Haftung Wir sind f\u00fcr die Inhalte unserer Internetseiten nach den Ma\u00dfgaben der allgemeinen Gesetze, insbesondere nach \u00a7 7 Abs. 1 des Telemediengesetzes, verantwortlich. Alle Inhalte werden mit der gebotenen [&hellip;]<\/p>\n","protected":false},"author":1,"featured_media":0,"parent":0,"menu_order":0,"comment_status":"closed","ping_status":"closed","template":"","meta":{"footnotes":""},"class_list":["post-88","page","type-page","status-publish","hentry"],"_links":{"self":[{"href":"https:\/\/ferienwohnung-wetterauer.de\/index.php\/wp-json\/wp\/v2\/pages\/88","targetHints":{"allow":["GET"]}}],"collection":[{"href":"https:\/\/ferienwohnung-wetterauer.de\/index.php\/wp-json\/wp\/v2\/pages"}],"about":[{"href":"https:\/\/ferienwohnung-wetterauer.de\/index.php\/wp-json\/wp\/v2\/types\/page"}],"author":[{"embeddable":true,"href":"https:\/\/ferienwohnung-wetterauer.de\/index.php\/wp-json\/wp\/v2\/users\/1"}],"replies":[{"embeddable":true,"href":"https:\/\/ferienwohnung-wetterauer.de\/index.php\/wp-json\/wp\/v2\/comments?post=88"}],"version-history":[{"count":6,"href":"https:\/\/ferienwohnung-wetterauer.de\/index.php\/wp-json\/wp\/v2\/pages\/88\/revisions"}],"predecessor-version":[{"id":300,"href":"https:\/\/ferienwohnung-wetterauer.de\/index.php\/wp-json\/wp\/v2\/pages\/88\/revisions\/300"}],"wp:attachment":[{"href":"https:\/\/ferienwohnung-wetterauer.de\/index.php\/wp-json\/wp\/v2\/media?parent=88"}],"curies":[{"name":"wp","href":"https:\/\/api.w.org\/{rel}","templated":true}]}}